2. Give l(f).
-5
Let c(w) be the second derivative of -5*w**3/6 - w**2 - 63*w. Calculate c(-3).
13
Let c be 1/(-2)*0/(-1). Let m(q) = -2357 + 2357 - q**2. Calculate m(c).
0
Let f(i) = -i + 25. Let q be f(21). Let n(k) = -k - 6. Let g(a) be the first derivative of -a**2 - 17*a - 1. Let r(x) = -4*g(x) + 11*n(x). Give r(q).
-10
Let u(y) be the third derivative of y**7/5040 + y**6/360 - y**5/20 - 3*y**2. Let h(v) be the third derivative of u(v). Calculate h(-4).
-2
Suppose 5*h - 28 = -4*k, -2*h + 2*k = -h. Suppose -4*m + 31 = 11. Let b(t) = t**3 - 3*t**2 + m + 0*t**2 - 2*t - 4*t. Give b(h).
-3
Let q = 24 + -21. Let b(z) = -3*z + 2*z**2 + 3 - 4*z**2 + q*z**2. Suppose -2*f + 3 = -f. What is b(f)?
3
Let n(z) = 5*z**2 + 3*z - 2. Let y(k) = 3*k**2 + 2*k - 1. Let h(a) = 5*n(a) - 8*y(a). What is h(-2)?
4
Let v(j) = j**3 - j - 1. Let i(h) = -6*h**3 + 9*h + 8. Let s(o) = -i(o) - 5*v(o). Give s(-2).
-3
Let r be 28/36 - (-4)/18. Let x(o) = o - r + 2*o + o. What is x(3)?
11
Suppose 3*i + 1 = -11. Let s be ((-28)/(-6))/(i/(-6)). Let w = s + -10. Let y(z) = -z**2 - 3*z. Calculate y(w).
0
Let s(f) = -3*f**2 + 1. Let c = -6 + 9. Let l(y) = y**3 - 3*y**2 - 4*y - 2. Let g be l(4). Let v be 1/(-3) + g/c. Give s(v).
-2
Let u be (1 - 3/3)/1. Suppose 5*i + u*i = -10. Let j(w) = -w**2 + 2*w. Let g(f) = -5*f**2 + 11*f + 1. Let q(o) = 2*g(o) - 11*j(o). Calculate q(i).
6
Let o be (0/(25/(-5)))/(-2). Let l(h) = h**2 + h + 6. Calculate l(o).
6
Let t(i) = -i**2 + 4*i. Let f(h) = h**2 - 7*h. Let n(c) = -6*f(c) - 10*t(c). Calculate n(-2).
12
Let p(w) = -w**2 - 3*w + 4. Let y = 8 + -11. Let s = y - -5. Suppose 7*z - s*z = -25, 3*z + 10 = o. Determine p(o).
-6
Let f(v) = -v + 6. Suppose -2*r + 2*t = -0*r - 8, r + 8 = -5*t. Suppose x + 2*x + 4*u - 20 = 0, 2*x - 5*u + r = 0. Give f(x).
2
Let v(q) = -3*q - 7. Let a = 27 + -38. Let d = a + 5. Let u = -11 - d. Determine v(u).
8
Let z(x) = x + 2. Let u = -1 - -1. Let w = u - -3. Calculate z(w).
5
Suppose -17 = -2*t + 5. Let a = -7 + t. Let f(r) = 2*r - 5*r**2 + 3 - r + r**3 + r. Calculate f(a).
-5
Let g = -2 - -2. Let i(l) = g - 4*l - 4 + 6*l - 1. Give i(6).
7
Let j(q) = q**2 - 2*q - 3. Suppose -2*g + 0 + 9 = -y, 4*g - 21 = 5*y. Suppose -4*l = -5*n - 27, -5*n - g = 3*l + 2. Determine j(l).
0
Let d(x) = 44*x - 3 + 0 - 43*x. What is d(-5)?
-8
Let y(w) be the third derivative of w**5/20 + w**4/24 + 2*w**2. Let d be y(1). Let l(a) = -5 - 5*a + a**2 + d + 6. Calculate l(4).
1
Let f(w) = 4. Let j(g) = g. Let s(z) = -f(z) - 2*j(z). What is s(-7)?
10
Let x(o) = -o**2 - 7*o - 1. Suppose 76*v + 8 = 74*v. Determine x(v).
11
Let f(t) = t**3 - t + 5. Let b be f(0). Suppose 25 + 10 = -b*n. Let m(u) = u**3 + 8*u**2 + 8*u + 1. Calculate m(n).
-6
Suppose 5*h + 24 = h. Let b be 60/(-9) + h/(-9). Let p(q) = -q**2 - 8*q. Calculate p(b).
12
Suppose -13*j + 3*j - 50 = 0. Let a(q) = -q**3 - 6*q**2 - 5*q + 1. Calculate a(j).
1
Let u be 2/(-15) + 88/(-15). Let q be 2/4 - 27/u. Let c(g) = -g**2 + 5*g. What is c(q)?
0
Let r be 21/(-14)*8/(-6). Let q(g) be the third derivative of 1/120*g**6 + 0*g**5 + g**2 + 0*g - 1/3*g**3 + 1/24*g**4 + 0. Calculate q(r).
8
Suppose 4*r = -2 - 10. Let w(j) be the third derivative of -1/8*j**4 - 1/60*j**5 + 0 + 0*j - 1/3*j**3 + 3*j**2. Give w(r).
-2
Let g(q) = q - 4. Let a be g(5). Let v(x) = a + x - 1. Calculate v(5).
5
Let r(n) = n**3 - 8*n**2 + 6*n + 9. Suppose -2*z - 51 = -5*z. Suppose -18 = -5*t + z. Let j be r(t). Let i(a) = a**2 - a - 2. Give i(j).
0
Let b(l) be the second derivative of -l**6/720 - l**4/12 - l. Let i(q) be the third derivative of b(q). Suppose j = -3*r + 16, 3*j - r - 4 = r. Give i(j).
-4
Suppose -v = -4*k - 17, 4*v + v - 31 = 2*k. Let t(n) = -4*n**3 - n**2 + 10*n + 6. Let a(j) = -5*j**3 + 11*j + 6. Let x(s) = v*a(s) - 6*t(s). Give x(5).
-6
Let c(u) = u - 6. Let l be c(8). Let v be 5*((-16)/(-10))/l. Let j(r) = r**3 + 6*r**2 + v + 3*r + 1 - 5 - 2. Calculate j(-5).
8
Let q = 9 + -7. Let r(g) be the first derivative of g**4/24 + 2*g**2 + 4. Let x(f) be the second derivative of r(f). What is x(q)?
2
Suppose q - 3*l = -9, q = 2*q + 3*l - 3. Let d(r) = -5*r - 5. Let p(i) = i + 1. Let f(g) = d(g) + 6*p(g). Give f(q).
-2
Let p(i) = -2*i. Let h(n) = 2*n**3 - 11*n**2 + 5*n - 4. Let r be h(5). Determine p(r).
8
Let i(r) = -r**3 - 3*r**2 + 5*r + 3. Let l = 10 - 34. Let u = 20 + l. What is i(u)?
-1
Suppose -4*z = -8*z - 12. Let f(o) = 3*o**3 - 2*o**2 - 6*o - 4. Let s(u) = u**3 - u. Let h(m) = -f(m) + 4*s(m). Calculate h(z).
-11
Let a(y) = y**3 + 5*y**2 + 3*y + 3. Let s be a(-4). Suppose -2*l = -s*l + 5. Let u(b) = -6*b**2. Determine u(l).
-6
Let d(f) be the first derivative of 2*f**2 - 10*f - 1. Let o(c) = 7*c - 20. Let u(l) = -5*d(l) + 3*o(l). Calculate u(0).
-10
Let n(k) = -k**3 + 4*k**2 + k - 4. Let p = -2 - -5. What is n(p)?
8
Suppose -5*f + 11 = -a - 11, -4*f + 8 = -4*a. Let h = a + 0. Let d(o) = -5*o**3 - 1 + 2*o**3 - 6*o + 2*o**3 + 7*o**2 + h. Give d(6).
2
Let i(v) = -17*v**2 - 1 + 18*v**2 + 1. Let t(n) = -2*n**2 + n. Let l(g) = -i(g) - t(g). What is l(1)?
0
Let g(r) = -7*r + r**2 + r**3 - 5 - 9*r**2 - 2*r**3. Determine g(-7).
-5
Let s(l) be the third derivative of l**7/2520 - l**6/360 - l**5/30 - 2*l**2. Let k(j) be the third derivative of s(j). What is k(3)?
4
Suppose 10 = 2*f - n, -2 = -2*n + 3*n. Suppose 4*k - 5*k = q + 2, 0 = f*k + 16. Suppose 0*o = -q*o + 8. Let c(l) = -2*l**2 + 7*l - 6. What is c(o)?
-10
Let b(f) be the first derivative of f**4/4 - 7*f**3/3 + 3*f**2 + 2*f - 7. Determine b(6).
2
Let t(y) be the second derivative of -y**4/12 - 2*y**3/3 + y**2/2 + y. Let x be (8/2)/(1/(-1)). Calculate t(x).
1
Let u = 6 + -4. Let c(y) = -y**2 - 4*y + 2. Let q(t) = -2*t**2 - 7*t + 4. Let l be -2 - (-1)/((-3)/(-21)). Let i(j) = l*c(j) - 3*q(j). Give i(u).
4
Let t(w) be the second derivative of w**4/12 - 7*w**3/6 + 3*w**2/2 - w. Calculate t(3).
-9
Let t(c) = -c**2. Let y(f) = -4*f**2 - 2*f - 3. Let v(n) = -3*t(n) + y(n). Determine v(-2).
-3
Suppose 4*q - 12 = -0*q. Suppose 3 + 3 = q*s. Let n(c) = 33*c**2 - 3*c + 1 - 34*c**2 - 2*c + 3*c + 2*c**3. Determine n(s).
9
Let n = -1 + 5. Let x be n - 2 - (-2 + 0). Let z(o) = -o**2 + 5*o + 3. What is z(x)?
7
Let k be (-8)/40 + 0 + (-63)/(-15). Let h(t) be the second derivative of t + 0 - 1/10*t**5 - 1/2*t**2 + 1/12*t**k - 1/6*t**3. Give h(-1).
3
Let j be 0/((-1 - -3) + -1). Suppose -6*p + 7*p + 1 = j. Let r(g) = -10*g**2 + g. What is r(p)?
-11
Let q(f) be the second derivative of -f**5/20 + 5*f**4/12 - f**3/6 + f**2/2 + 6*f. Determine q(4).
13
Let m(k) = -k + 5. Suppose c + 6 = -1. Let z(h) = h**3 + 6*h**2 - 7*h + 4. Let y be z(c). Give m(y).
1
Suppose -4*z - 4 = 20. Let g(w) = w**3 + 7*w**2 + 5*w - 5. Let s be g(z). Let y(d) be the third derivative of d**4/12 - d**3/6 + d**2. Determine y(s).
1
Let a(r) be the second derivative of -r**3/6 + 11*r**2/2 - 2*r. Let d = -1 + 1. Determine a(d).
11
Let k(s) = s**3 + s**2 + s - 1. Let v(w) = -w - 9. Let p be v(-7). Determine k(p).
-7
Let g(s) = -s**3 + 8*s**2 - 7*s + 3. Let m be g(7). Suppose m*n + c = 0, -4*n + 0*c = -5*c. Let w(f) = -f**3 - f**2 + 3. Determine w(n).
3
Let z(x) = -4*x**2 + 2*x - 2. Let g = -16 + 18. What is z(g)?
-14
Suppose -5*d = s - 8, 3 = -3*d + 2*s - 0. Let h(k) = 22*k**2 - k. Give h(d).
21
Let a(h) = h**2 + 9*h + 8. Let j be a(-8). Let p = 8 + -6. Let i(v) = 2 - v + 2*v - p*v. Give i(j).
2
Let b(i) = -i**2 + i - 1. Let u(f) = -2*f + 1. Let h(j) = -4*b(j) - u(j). What is h(2)?
15
Let f(p) = p**3 + 7*p**2 + 5*p - 6. Let m(n) = -n**2 - 5*n - 6. Let k(l) = l**2 + 8*l + 7. Let b be k(-6). Let y be m(b). Give f(y).
0
Let b(t) = t**3 - 1 + 2 - 6*t**3. Suppose 0*n - 9 = -3*n. Suppose -2*k = -4*j + 14, n*k - 29 + 6 = -5*j. Calculate b(k).
-4
Let c(q) = q**2 - 3*q + 1. Let o be c(3). Let i be (1*8 + -1)*o. Let t = i - 4. Let y(z) = -4*z + 4. What is y(t)?
-8
Let r = 3 - 1. Suppose 0 = -0*n + r*n - 3*b - 22, -2*n + 30 = -5*b. Let m(i) = -3*i + 6. Determine m(n).
-9
Let g(p) = -p**2 - 5*p - 6. Let x(f) = f**2 + 4*f + 7. Let i(n) = -3*g(n) - 4*x(n). Determine i(0).
-10
Let m be (-38)/9 + 2/9. Let d = 0 - m. Let u(p) = -2*p - 1. Calculate u(d).
-9
Let i(l) = 9*l. Let x(q) = 1. Let t(s) = -i(s) + 2*x(s). What is t(2)?
-16
Let h(b) = b**3 - 2*b**2 - 4*b - 5. Suppose -16 = -4*j - 4*l, -20 = -5*j + 3*l + l. What is h(j)